Last updated on 2025-07-05 20:48:18 CEST.
Flavor | Version | Tinstall | Tcheck | Ttotal | Status | Flags |
---|---|---|---|---|---|---|
r-devel-linux-x86_64-debian-clang | 0.2.10 | 41.03 | 94.99 | 136.02 | NOTE | |
r-devel-linux-x86_64-debian-gcc | 0.2.10 | 29.27 | 70.58 | 99.85 | NOTE | |
r-devel-linux-x86_64-fedora-clang | 0.2.10 | 226.90 | OK | |||
r-devel-linux-x86_64-fedora-gcc | 0.2.10 | 241.58 | OK | |||
r-devel-windows-x86_64 | 0.2.10 | 43.00 | 125.00 | 168.00 | NOTE | |
r-patched-linux-x86_64 | 0.2.10 | 45.59 | 92.93 | 138.52 | NOTE | |
r-release-linux-x86_64 | 0.2.10 | 43.09 | 91.85 | 134.94 | NOTE | |
r-release-macos-arm64 | 0.2.10 | 79.00 | OK | |||
r-release-macos-x86_64 | 0.2.10 | 157.00 | OK | |||
r-release-windows-x86_64 | 0.2.10 | 46.00 | 131.00 | 177.00 | NOTE | |
r-oldrel-macos-arm64 | 0.2.10 | 68.00 | NOTE | |||
r-oldrel-macos-x86_64 | 0.2.10 | 213.00 | NOTE | |||
r-oldrel-windows-x86_64 | 0.2.10 | 53.00 | 157.00 | 210.00 | OK |
Version: 0.2.10
Check: Rd cross-references
Result: NOTE
Found the following Rd file(s) with Rd \link{} targets missing package
anchors:
LN_hierarchical.Rd: lmer, mcmc
Please provide package anchors for all Rd \link{} targets not in the
package itself and the base packages.
Flavors: r-devel-linux-x86_64-debian-clang, r-devel-linux-x86_64-debian-gcc, r-devel-windows-x86_64, r-patched-linux-x86_64, r-release-linux-x86_64, r-release-windows-x86_64
Version: 0.2.10
Check: installed package size
Result: NOTE
installed size is 13.0Mb
sub-directories of 1Mb or more:
libs 12.7Mb
Flavors: r-oldrel-macos-arm64, r-oldrel-macos-x86_64