Last updated on 2025-07-05 20:48:19 CEST.
Flavor | Version | Tinstall | Tcheck | Ttotal | Status | Flags |
---|---|---|---|---|---|---|
r-devel-linux-x86_64-debian-clang | 0.1-3 | 18.78 | 196.92 | 215.70 | NOTE | |
r-devel-linux-x86_64-debian-gcc | 0.1-3 | 11.54 | 132.38 | 143.92 | NOTE | |
r-devel-linux-x86_64-fedora-clang | 0.1-3 | 322.46 | OK | |||
r-devel-linux-x86_64-fedora-gcc | 0.1-3 | 328.08 | OK | |||
r-devel-windows-x86_64 | 0.1-3 | 21.00 | 220.00 | 241.00 | OK | |
r-patched-linux-x86_64 | 0.1-3 | 21.24 | 188.91 | 210.15 | OK | |
r-release-linux-x86_64 | 0.1-3 | 17.56 | 188.50 | 206.06 | OK | |
r-release-macos-arm64 | 0.1-3 | 89.00 | OK | |||
r-release-macos-x86_64 | 0.1-3 | 172.00 | OK | |||
r-release-windows-x86_64 | 0.1-3 | 20.00 | 219.00 | 239.00 | OK | |
r-oldrel-macos-arm64 | 0.1-3 | 84.00 | OK | |||
r-oldrel-macos-x86_64 | 0.1-3 | 140.00 | OK | |||
r-oldrel-windows-x86_64 | 0.1-3 | 28.00 | 280.00 | 308.00 | OK |
Version: 0.1-3
Check: CRAN incoming feasibility
Result: NOTE
Maintainer: ‘Fergus Reig-Gracia <fergusrg@gmail.com>’
No Authors@R field in DESCRIPTION.
Please add one, modifying
Authors@R: c(person(given = "Fergus",
family = "Reig-Gracia",
role = c("aut", "cre"),
email = "fergusrg@gmail.com"),
person(given = c("Sergio", "M."),
family = "Vicente-Serrano",
role = "aut"),
person(given = "Fernando",
family = "Dominguez-Castro",
role = "aut"),
person(given = "Joaquin",
family = "Bedia-Jiménez",
role = "ctb"))
as necessary.
Flavors: r-devel-linux-x86_64-debian-clang, r-devel-linux-x86_64-debian-gcc