Last updated on 2025-07-05 20:48:23 CEST.
Flavor | Version | Tinstall | Tcheck | Ttotal | Status | Flags |
---|---|---|---|---|---|---|
r-devel-linux-x86_64-debian-clang | 1.5 | 3.35 | 178.45 | 181.80 | NOTE | |
r-devel-linux-x86_64-debian-gcc | 1.5 | 2.35 | 124.88 | 127.23 | NOTE | |
r-devel-linux-x86_64-fedora-clang | 1.5 | 274.31 | OK | |||
r-devel-linux-x86_64-fedora-gcc | 1.5 | 300.27 | OK | |||
r-devel-windows-x86_64 | 1.5 | 4.00 | 179.00 | 183.00 | OK | |
r-patched-linux-x86_64 | 1.5 | 3.59 | 172.19 | 175.78 | OK | |
r-release-linux-x86_64 | 1.5 | 3.13 | 168.70 | 171.83 | OK | |
r-release-macos-arm64 | 1.5 | 77.00 | OK | |||
r-release-macos-x86_64 | 1.5 | 187.00 | OK | |||
r-release-windows-x86_64 | 1.5 | 4.00 | 189.00 | 193.00 | OK | |
r-oldrel-macos-arm64 | 1.5 | 81.00 | OK | |||
r-oldrel-macos-x86_64 | 1.5 | 152.00 | OK | |||
r-oldrel-windows-x86_64 | 1.5 | 4.00 | 196.00 | 200.00 | OK |
Version: 1.5
Check: CRAN incoming feasibility
Result: NOTE
Maintainer: ‘Cyprien Mbogning <cyprien.mbogning@gmail.com>’
No Authors@R field in DESCRIPTION.
Please add one, modifying
Authors@R: c(person(given = "Cyprien",
family = "Mbogning",
role = c("aut", "cre"),
email = "cyprien.mbogning@inserm.fr"),
person(given = "Wilson",
family = "Toussile",
role = "aut"))
as necessary.
Flavors: r-devel-linux-x86_64-debian-clang, r-devel-linux-x86_64-debian-gcc