Last updated on 2025-07-16 20:53:18 CEST.
Flavor | Version | Tinstall | Tcheck | Ttotal | Status | Flags |
---|---|---|---|---|---|---|
r-devel-linux-x86_64-debian-clang | 1.1 | 28.88 | 269.64 | 298.52 | NOTE | |
r-devel-linux-x86_64-debian-gcc | 1.1 | 23.34 | 190.48 | 213.82 | NOTE | |
r-devel-linux-x86_64-fedora-clang | 1.1 | 469.47 | OK | |||
r-devel-linux-x86_64-fedora-gcc | 1.1 | 482.44 | OK | |||
r-devel-windows-x86_64 | 1.1 | 5.00 | 5.00 | 10.00 | ERROR | |
r-patched-linux-x86_64 | 1.1 | 30.12 | 255.63 | 285.75 | OK | |
r-release-linux-x86_64 | 1.1 | 29.22 | 252.51 | 281.73 | OK | |
r-release-macos-arm64 | 1.1 | 231.00 | OK | |||
r-release-macos-x86_64 | 1.1 | 300.00 | OK | |||
r-release-windows-x86_64 | 1.1 | 30.00 | 258.00 | 288.00 | OK | |
r-oldrel-macos-arm64 | 1.1 | 122.00 | OK | |||
r-oldrel-macos-x86_64 | 1.1 | 197.00 | OK | |||
r-oldrel-windows-x86_64 | 1.1 | 42.00 | 324.00 | 366.00 | OK |
Version: 1.1
Check: CRAN incoming feasibility
Result: NOTE
Maintainer: ‘Roman Hornung <hornung@ibe.med.uni-muenchen.de>’
No Authors@R field in DESCRIPTION.
Please add one, modifying
Authors@R: c(person(given = "Roman",
family = "Hornung",
role = c("aut", "cre"),
email = "hornung@ibe.med.uni-muenchen.de"),
person(given = "David",
family = "Causeur",
role = "aut"))
as necessary.
Package CITATION file contains call(s) to old-style citEntry(). Please
use bibentry() instead.
Flavors: r-devel-linux-x86_64-debian-clang, r-devel-linux-x86_64-debian-gcc
Version: 1.1
Check: whether package can be installed
Result: ERROR
Installation failed.
Flavor: r-devel-windows-x86_64