Last updated on 2025-07-04 20:49:09 CEST.
Flavor | Version | Tinstall | Tcheck | Ttotal | Status | Flags |
---|---|---|---|---|---|---|
r-devel-linux-x86_64-debian-clang | 2.22.0 | 60.49 | 513.26 | 573.75 | OK | |
r-devel-linux-x86_64-debian-gcc | 2.22.0 | 38.94 | 326.82 | 365.76 | OK | |
r-devel-linux-x86_64-fedora-clang | 2.22.0 | 882.41 | OK | |||
r-devel-linux-x86_64-fedora-gcc | 2.22.0 | 822.85 | OK | |||
r-devel-windows-x86_64 | 2.22.0 | 49.00 | 221.00 | 270.00 | OK | --no-examples --no-tests --no-vignettes |
r-patched-linux-x86_64 | 2.22.0 | 65.81 | 476.16 | 541.97 | OK | |
r-release-linux-x86_64 | 2.22.0 | 54.22 | 471.02 | 525.24 | OK | |
r-release-macos-arm64 | 2.22.0 | 236.00 | OK | |||
r-release-macos-x86_64 | 2.22.0 | 726.00 | OK | |||
r-release-windows-x86_64 | 2.22.0 | 49.00 | 282.00 | 331.00 | OK | --no-examples --no-tests --no-vignettes |
r-oldrel-macos-arm64 | 2.22.0 | 207.00 | NOTE | |||
r-oldrel-macos-x86_64 | 2.22.0 | 471.00 | NOTE | |||
r-oldrel-windows-x86_64 | 2.22.0 | 72.00 | 216.00 | 288.00 | NOTE | --no-examples --no-tests --no-vignettes |
Version: 2.22.0
Check: package dependencies
Result: NOTE
Package suggested but not available for checking: ‘cmdstanr’
Flavors: r-oldrel-macos-arm64, r-oldrel-macos-x86_64
Version: 2.22.0
Check: installed package size
Result: NOTE
installed size is 9.0Mb
sub-directories of 1Mb or more:
R 4.0Mb
doc 3.6Mb
Flavors: r-oldrel-macos-arm64, r-oldrel-macos-x86_64
Version: 2.22.0
Flags: --no-examples --no-tests --no-vignettes
Check: package dependencies
Result: NOTE
Package suggested but not available for checking: 'cmdstanr'
Flavor: r-oldrel-windows-x86_64
Version: 2.22.0
Flags: --no-examples --no-tests --no-vignettes
Check: installed package size
Result: NOTE
installed size is 8.8Mb
sub-directories of 1Mb or more:
R 3.8Mb
doc 3.6Mb
Flavor: r-oldrel-windows-x86_64