Last updated on 2025-07-05 20:48:21 CEST.
Flavor | Version | Tinstall | Tcheck | Ttotal | Status | Flags |
---|---|---|---|---|---|---|
r-devel-linux-x86_64-debian-clang | 0.1.0 | 12.14 | 300.59 | 312.73 | OK | |
r-devel-linux-x86_64-debian-gcc | 0.1.0 | 7.97 | 71.95 | 79.92 | ERROR | |
r-devel-linux-x86_64-fedora-clang | 0.1.0 | 455.16 | OK | |||
r-devel-linux-x86_64-fedora-gcc | 0.1.0 | 425.99 | OK | |||
r-devel-windows-x86_64 | 0.1.0 | 14.00 | 179.00 | 193.00 | OK | |
r-patched-linux-x86_64 | 0.1.0 | 11.15 | 286.26 | 297.41 | OK | |
r-release-linux-x86_64 | 0.1.0 | 11.07 | 267.45 | 278.52 | OK | |
r-release-macos-arm64 | 0.1.0 | 88.00 | OK | |||
r-release-macos-x86_64 | 0.1.0 | 229.00 | OK | |||
r-release-windows-x86_64 | 0.1.0 | 14.00 | 169.00 | 183.00 | OK | |
r-oldrel-macos-arm64 | 0.1.0 | 75.00 | OK | |||
r-oldrel-macos-x86_64 | 0.1.0 | 136.00 | OK | |||
r-oldrel-windows-x86_64 | 0.1.0 | 19.00 | 350.00 | 369.00 | OK |
Version: 0.1.0
Check: re-building of vignette outputs
Result: ERROR
Error(s) in re-building vignettes:
...
--- re-building ‘dscoreMSM.Rmd’ using rmarkdown
Quitting from dscoreMSM.Rmd:65-120 [unnamed-chunk-7]
~~~~~~~~~~~~~~~~~~~~~~~~~~~~~~~~~~~~~~~~~~~~~~~~~~~~~~~~~~~~~~~~~~~~~~~~~~~~~~~~
<error/rlang_error>
Error in `uniroot()`:
! f() values at end points not of opposite sign
---
Backtrace:
▆
1. └─global msm_data()
2. └─dscoreMSM::simfdata(...)
3. └─stats::uniroot(...)
~~~~~~~~~~~~~~~~~~~~~~~~~~~~~~~~~~~~~~~~~~~~~~~~~~~~~~~~~~~~~~~~~~~~~~~~~~~~~~~~
Error: processing vignette 'dscoreMSM.Rmd' failed with diagnostics:
f() values at end points not of opposite sign
--- failed re-building ‘dscoreMSM.Rmd’
SUMMARY: processing the following file failed:
‘dscoreMSM.Rmd’
Error: Vignette re-building failed.
Execution halted
Flavor: r-devel-linux-x86_64-debian-gcc