CRAN Package Check Results for Package goat

Last updated on 2025-07-05 20:48:23 CEST.

Flavor Version Tinstall Tcheck Ttotal Status Flags
r-devel-linux-x86_64-debian-clang 1.1.2 24.84 67.86 92.70 OK
r-devel-linux-x86_64-debian-gcc 1.1.2 15.88 47.85 63.73 OK
r-devel-linux-x86_64-fedora-clang 1.1.2 144.03 OK
r-devel-linux-x86_64-fedora-gcc 1.1.2 150.14 OK
r-devel-windows-x86_64 1.1.2 28.00 103.00 131.00 OK
r-patched-linux-x86_64 1.1.2 22.96 60.54 83.50 OK
r-release-linux-x86_64 1.1.2 22.44 60.29 82.73 OK
r-release-macos-arm64 1.1.2 43.00 OK
r-release-macos-x86_64 1.1.2 85.00 OK
r-release-windows-x86_64 1.1.2 30.00 107.00 137.00 OK
r-oldrel-macos-arm64 1.1.2 44.00 NOTE
r-oldrel-macos-x86_64 1.1.2 76.00 NOTE
r-oldrel-windows-x86_64 1.1.2 36.00 128.00 164.00 OK

Check Details

Version: 1.1.2
Check: package dependencies
Result: NOTE Packages suggested but not available for checking: 'org.Pt.eg.db', 'org.Mmu.eg.db', 'org.Mm.eg.db', 'org.Rn.eg.db', 'org.Dr.eg.db', 'org.Dm.eg.db', 'org.Ce.eg.db' Flavor: r-oldrel-macos-arm64

Version: 1.1.2
Check: installed package size
Result: NOTE installed size is 5.7Mb sub-directories of 1Mb or more: data 4.2Mb libs 1.0Mb Flavors: r-oldrel-macos-arm64, r-oldrel-macos-x86_64

Version: 1.1.2
Check: package dependencies
Result: NOTE Packages suggested but not available for checking: 'org.Pt.eg.db', 'org.Mmu.eg.db', 'org.Dm.eg.db', 'org.Ce.eg.db' Flavor: r-oldrel-macos-x86_64