Last updated on 2025-07-16 20:53:26 CEST.
Flavor | Version | Tinstall | Tcheck | Ttotal | Status | Flags |
---|---|---|---|---|---|---|
r-devel-linux-x86_64-debian-clang | 1.0.2 | 29.47 | 30.62 | 60.09 | OK | |
r-devel-linux-x86_64-debian-gcc | 1.0.2 | 21.19 | 25.29 | 46.48 | OK | |
r-devel-linux-x86_64-fedora-clang | 1.0.2 | 106.88 | OK | |||
r-devel-linux-x86_64-fedora-gcc | 1.0.2 | 105.65 | OK | |||
r-devel-windows-x86_64 | 1.0.2 | 32.00 | 79.00 | 111.00 | OK | |
r-patched-linux-x86_64 | 1.0.2 | 28.16 | 30.54 | 58.70 | OK | |
r-release-linux-x86_64 | 1.0.2 | 28.52 | 31.74 | 60.26 | OK | |
r-release-macos-arm64 | 1.0.2 | 43.00 | OK | |||
r-release-macos-x86_64 | 1.0.2 | 49.00 | OK | |||
r-release-windows-x86_64 | 1.0.2 | 33.00 | 68.00 | 101.00 | OK | |
r-oldrel-macos-arm64 | 1.0.2 | 41.00 | NOTE | |||
r-oldrel-macos-x86_64 | 1.0.2 | 46.00 | NOTE | |||
r-oldrel-windows-x86_64 | 1.0.2 | 39.00 | 80.00 | 119.00 | OK |
Version: 1.0.2
Check: installed package size
Result: NOTE
installed size is 5.3Mb
sub-directories of 1Mb or more:
libs 5.2Mb
Flavors: r-oldrel-macos-arm64, r-oldrel-macos-x86_64