Last updated on 2025-07-04 20:49:18 CEST.
Flavor | Version | Tinstall | Tcheck | Ttotal | Status | Flags |
---|---|---|---|---|---|---|
r-devel-linux-x86_64-debian-clang | 1.2.4 | 230.55 | 115.36 | 345.91 | NOTE | |
r-devel-linux-x86_64-debian-gcc | 1.2.4 | 174.23 | 83.58 | 257.81 | NOTE | |
r-devel-linux-x86_64-fedora-clang | 1.2.4 | 657.20 | OK | |||
r-devel-linux-x86_64-fedora-gcc | 1.2.4 | 640.85 | OK | |||
r-devel-windows-x86_64 | 1.2.4 | 258.00 | 168.00 | 426.00 | OK | |
r-patched-linux-x86_64 | 1.2.4 | 248.72 | 106.40 | 355.12 | OK | |
r-release-linux-x86_64 | 1.2.4 | 250.13 | 106.21 | 356.34 | OK | |
r-release-macos-arm64 | 1.2.4 | 199.00 | OK | |||
r-release-macos-x86_64 | 1.2.4 | 223.00 | OK | |||
r-release-windows-x86_64 | 1.2.4 | 263.00 | 167.00 | 430.00 | OK | |
r-oldrel-macos-arm64 | 1.2.4 | 159.00 | NOTE | |||
r-oldrel-macos-x86_64 | 1.2.4 | 269.00 | NOTE | |||
r-oldrel-windows-x86_64 | 1.2.4 | 314.00 | 204.00 | 518.00 | OK |
Version: 1.2.4
Check: DESCRIPTION meta-information
Result: NOTE
Author field differs from that derived from Authors@R
Author: ‘Shihao Yang [aut, cre] (<https://orcid.org/0000-0003-3910-4969>), Samuel W.K. Wong [aut] (<https://orcid.org/0000-0002-7325-7267>), S.C. Kou [ctb, cph] (Contributor of MAGI method development)’
Authors@R: ‘Shihao Yang [aut, cre] (ORCID: <https://orcid.org/0000-0003-3910-4969>), Samuel W.K. Wong [aut] (ORCID: <https://orcid.org/0000-0002-7325-7267>), S.C. Kou [ctb, cph] (role: Contributor of MAGI method development)’
Flavors: r-devel-linux-x86_64-debian-clang, r-devel-linux-x86_64-debian-gcc
Version: 1.2.4
Check: installed package size
Result: NOTE
installed size is 24.2Mb
sub-directories of 1Mb or more:
libs 22.8Mb
Flavors: r-oldrel-macos-arm64, r-oldrel-macos-x86_64