CRAN Package Check Results for Package nivm

Last updated on 2025-07-05 20:48:28 CEST.

Flavor Version Tinstall Tcheck Ttotal Status Flags
r-devel-linux-x86_64-debian-clang 0.5 8.92 80.25 89.17 NOTE
r-devel-linux-x86_64-debian-gcc 0.5 6.22 58.94 65.16 NOTE
r-devel-linux-x86_64-fedora-clang 0.5 140.04 OK
r-devel-linux-x86_64-fedora-gcc 0.5 134.33 OK
r-devel-windows-x86_64 0.5 12.00 89.00 101.00 NOTE
r-patched-linux-x86_64 0.5 9.71 76.02 85.73 NOTE
r-release-linux-x86_64 0.5 9.31 76.24 85.55 NOTE
r-release-macos-arm64 0.5 37.00 OK
r-release-macos-x86_64 0.5 65.00 OK
r-release-windows-x86_64 0.5 10.00 95.00 105.00 NOTE
r-oldrel-macos-arm64 0.5 36.00 OK
r-oldrel-macos-x86_64 0.5 58.00 OK
r-oldrel-windows-x86_64 0.5 15.00 106.00 121.00 OK

Check Details

Version: 0.5
Check: CRAN incoming feasibility
Result: NOTE Maintainer: ‘Michael P. Fay <mfay@niaid.nih.gov>’ No Authors@R field in DESCRIPTION. Please add one, modifying Authors@R: person(given = c("Michael", "P."), family = "Fay", role = c("aut", "cre"), email = "mfay@niaid.nih.gov") as necessary. Flavors: r-devel-linux-x86_64-debian-clang, r-devel-linux-x86_64-debian-gcc

Version: 0.5
Check: Rd cross-references
Result: NOTE Found the following Rd file(s) with Rd \link{} targets missing package anchors: nicqControl.Rd: bpcp, quantile.kmciLR nicqTest.Rd: bpcp, quantile.kmciLR powerNicqTest.Rd: uniroot.integer Please provide package anchors for all Rd \link{} targets not in the package itself and the base packages. Flavors: r-devel-linux-x86_64-debian-clang, r-devel-linux-x86_64-debian-gcc, r-devel-windows-x86_64, r-patched-linux-x86_64, r-release-linux-x86_64, r-release-windows-x86_64