Last updated on 2025-07-05 20:48:29 CEST.
Flavor | Version | Tinstall | Tcheck | Ttotal | Status | Flags |
---|---|---|---|---|---|---|
r-devel-linux-x86_64-debian-clang | 0.5.3 | 41.88 | 30.84 | 72.72 | OK | |
r-devel-linux-x86_64-debian-gcc | 0.5.3 | 31.42 | 24.73 | 56.15 | OK | |
r-devel-linux-x86_64-fedora-clang | 0.5.3 | 134.59 | OK | |||
r-devel-linux-x86_64-fedora-gcc | 0.5.3 | 138.83 | OK | |||
r-devel-windows-x86_64 | 0.5.3 | 88.00 | 75.00 | 163.00 | OK | |
r-patched-linux-x86_64 | 0.5.3 | 45.15 | 29.42 | 74.57 | OK | |
r-release-linux-x86_64 | 0.5.3 | 43.00 | 29.13 | 72.13 | OK | |
r-release-macos-arm64 | 0.5.2 | 46.00 | OK | |||
r-release-macos-x86_64 | 0.5.3 | 68.00 | OK | |||
r-release-windows-x86_64 | 0.5.3 | 91.00 | 96.00 | 187.00 | OK | |
r-oldrel-macos-arm64 | 0.5.2 | 50.00 | NOTE | |||
r-oldrel-macos-x86_64 | 0.5.3 | 65.00 | NOTE | |||
r-oldrel-windows-x86_64 | 0.5.3 | 109.00 | 89.00 | 198.00 | NOTE |
Version: 0.5.2
Check: installed package size
Result: NOTE
installed size is 17.1Mb
sub-directories of 1Mb or more:
include 12.8Mb
libs 4.1Mb
Flavor: r-oldrel-macos-arm64
Version: 0.5.3
Check: installed package size
Result: NOTE
installed size is 17.2Mb
sub-directories of 1Mb or more:
include 12.8Mb
libs 4.2Mb
Flavors: r-oldrel-macos-x86_64, r-oldrel-windows-x86_64