Last updated on 2025-07-05 20:48:29 CEST.
Flavor | Version | Tinstall | Tcheck | Ttotal | Status | Flags |
---|---|---|---|---|---|---|
r-devel-linux-x86_64-debian-clang | 0.1.1 | 356.17 | 160.40 | 516.57 | OK | |
r-devel-linux-x86_64-debian-gcc | 0.1.1 | 339.13 | 138.18 | 477.31 | OK | |
r-devel-linux-x86_64-fedora-clang | 0.1.1 | 753.69 | OK | |||
r-devel-linux-x86_64-fedora-gcc | 0.1.1 | 1006.86 | OK | |||
r-devel-windows-x86_64 | 0.1.1 | 376.00 | 203.00 | 579.00 | OK | |
r-patched-linux-x86_64 | 0.1.1 | 421.87 | 191.76 | 613.63 | OK | |
r-release-linux-x86_64 | 0.1.1 | 428.33 | 186.52 | 614.85 | OK | |
r-release-macos-arm64 | 0.1.1 | 152.00 | OK | |||
r-release-macos-x86_64 | 0.1.1 | 233.00 | OK | |||
r-release-windows-x86_64 | 0.1.1 | 399.00 | 206.00 | 605.00 | OK | |
r-oldrel-macos-arm64 | 0.1.1 | 189.00 | NOTE | |||
r-oldrel-macos-x86_64 | 0.1.1 | 263.00 | NOTE | |||
r-oldrel-windows-x86_64 | 0.1.1 | 446.00 | 247.00 | 693.00 | NOTE |
Version: 0.1.1
Check: installed package size
Result: NOTE
installed size is 84.9Mb
sub-directories of 1Mb or more:
libs 84.6Mb
Flavors: r-oldrel-macos-arm64, r-oldrel-macos-x86_64
Version: 0.1.1
Check: for GNU extensions in Makefiles
Result: NOTE
GNU make is a SystemRequirements.
Flavors: r-oldrel-macos-arm64, r-oldrel-macos-x86_64, r-oldrel-windows-x86_64