Last updated on 2025-07-16 20:53:40 CEST.
Flavor | Version | Tinstall | Tcheck | Ttotal | Status | Flags |
---|---|---|---|---|---|---|
r-devel-linux-x86_64-debian-clang | 0.3.2 | 41.18 | 71.69 | 112.87 | NOTE | |
r-devel-linux-x86_64-debian-gcc | 0.3.2 | 27.78 | 55.17 | 82.95 | NOTE | |
r-devel-linux-x86_64-fedora-clang | 0.3.2 | 208.23 | NOTE | |||
r-devel-linux-x86_64-fedora-gcc | 0.3.2 | 189.28 | NOTE | |||
r-devel-windows-x86_64 | 0.3.2 | 46.00 | 119.00 | 165.00 | NOTE | |
r-patched-linux-x86_64 | 0.3.2 | 40.66 | 68.67 | 109.33 | NOTE | |
r-release-linux-x86_64 | 0.3.2 | 39.38 | 69.30 | 108.68 | NOTE | |
r-release-macos-arm64 | 0.3.2 | 63.00 | NOTE | |||
r-release-macos-x86_64 | 0.3.2 | 77.00 | NOTE | |||
r-release-windows-x86_64 | 0.3.2 | 47.00 | 120.00 | 167.00 | NOTE | |
r-oldrel-macos-arm64 | 0.3.2 | 55.00 | NOTE | |||
r-oldrel-macos-x86_64 | 0.3.2 | 76.00 | NOTE | |||
r-oldrel-windows-x86_64 | 0.3.2 | 56.00 | 143.00 | 199.00 | NOTE |
Version: 0.3.2
Check: C++ specification
Result: NOTE
Specified C++11: please drop specification unless essential
Flavors: r-devel-linux-x86_64-debian-clang, r-devel-linux-x86_64-debian-gcc, r-devel-linux-x86_64-fedora-clang, r-devel-linux-x86_64-fedora-gcc, r-devel-windows-x86_64, r-patched-linux-x86_64, r-release-linux-x86_64, r-release-macos-arm64, r-release-macos-x86_64, r-release-windows-x86_64, r-oldrel-macos-arm64, r-oldrel-macos-x86_64, r-oldrel-windows-x86_64