Last updated on 2025-07-05 20:48:37 CEST.
Flavor | Version | Tinstall | Tcheck | Ttotal | Status | Flags |
---|---|---|---|---|---|---|
r-devel-linux-x86_64-debian-clang | 0.1.5 | 11.57 | 122.13 | 133.70 | NOTE | |
r-devel-linux-x86_64-debian-gcc | 0.1.5 | 8.61 | 89.23 | 97.84 | NOTE | |
r-devel-linux-x86_64-fedora-clang | 0.1.5 | 202.80 | OK | |||
r-devel-linux-x86_64-fedora-gcc | 0.1.5 | 203.26 | OK | |||
r-devel-windows-x86_64 | 0.1.5 | 12.00 | 121.00 | 133.00 | OK | |
r-patched-linux-x86_64 | 0.1.5 | 11.65 | 116.42 | 128.07 | OK | |
r-release-linux-x86_64 | 0.1.5 | 9.97 | 116.68 | 126.65 | OK | |
r-release-macos-arm64 | 0.1.5 | 79.00 | OK | |||
r-release-macos-x86_64 | 0.1.5 | 143.00 | OK | |||
r-release-windows-x86_64 | 0.1.5 | 14.00 | 123.00 | 137.00 | OK | |
r-oldrel-macos-arm64 | 0.1.5 | 62.00 | OK | |||
r-oldrel-macos-x86_64 | 0.1.5 | 96.00 | OK | |||
r-oldrel-windows-x86_64 | 0.1.5 | 17.00 | 152.00 | 169.00 | OK |
Version: 0.1.5
Check: CRAN incoming feasibility
Result: NOTE
Maintainer: ‘Nathaniel Phillips <yarrr.book@gmail.com>’
Found the following (possibly) invalid file URIs:
URI: www.thepiratesguidetor.com
From: inst/doc/guide.html
URI: www.github.com/ndphillips/yarrr/issues
From: inst/doc/pirateplot.html
The URL field contains the following bad parts:
www.thepiratesguidetor.com
The URL field should be a list of URLs separated by commas or
whitespace.
Flavors: r-devel-linux-x86_64-debian-clang, r-devel-linux-x86_64-debian-gcc